 is the remainder when 7464700 is divided by 8331?
124
What is the remainder when 57887454 is divided by 188?
186
Calculate the remainder when 43730 is divided by 738.
188
What is the remainder when 189202 is divided by 258?
88
Calculate the remainder when 1051413 is divided by 61847.
14
What is the remainder when 15535008 is divided by 107?
106
Calculate the remainder when 3930019 is divided by 3929939.
80
What is the remainder when 1031819876 is divided by 1549?
1545
What is the remainder when 87909 is divided by 3520?
3429
What is the remainder when 31460006 is divided by 7865000?
6
Calculate the remainder when 1550663 is divided by 146.
143
Calculate the remainder when 251525 is divided by 2310.
2045
Calculate the remainder when 586417 is divided by 1652.
1609
What is the remainder when 92813 is divided by 5845?
5138
What is the remainder when 59078 is divided by 14621?
594
What is the remainder when 255967 is divided by 3116?
455
Calculate the remainder when 158672 is divided by 849.
758
What is the remainder when 10847807 is divided by 10847806?
1
What is the remainder when 279141 is divided by 1614?
1533
Calculate the remainder when 769294 is divided by 763.
190
Calculate the remainder when 49119661 is divided by 1697.
1693
Calculate the remainder when 501199840 is divided by 13.
11
What is the remainder when 6112822 is divided by 2588?
2554
Calculate the remainder when 723636 is divided by 122.
54
Calculate the remainder when 28373920 is divided by 3593.
3592
Calculate the remainder when 14823695 is divided by 516.
47
What is the remainder when 1504490 is divided by 3482?
266
What is the remainder when 192758472 is divided by 116?
112
Calculate the remainder when 288583 is divided by 16650.
5533
Calculate the remainder when 828099 is divided by 4678.
93
Calculate the remainder when 20205140 is divided by 733.
728
Calculate the remainder when 408374 is divided by 2778.
8
Calculate the remainder when 56376 is divided by 9300.
576
Calculate the remainder when 671651 is divided by 2136.
947
What is the remainder when 45130 is divided by 4100?
30
Calculate the remainder when 7542188 is divided by 1158.
134
Calculate the remainder when 60757 is divided by 14714.
1901
Calculate the remainder when 287267 is divided by 23938.
11
Calculate the remainder when 3799668 is divided by 949909.
32
Calculate the remainder when 70861015 is divided by 17.
0
Calculate the remainder when 368372 is divided by 73201.
2367
What is the remainder when 1812682 is divided by 45317?
2
Calculate the remainder when 16917 is divided by 16845.
72
What is the remainder when 29032192 is divided by 38?
2
What is the remainder when 109682 is divided by 132?
122
What is the remainder when 836525 is divided by 4648?
4533
Calculate the remainder when 146546 is divided by 952.
890
Calculate the remainder when 507245595 is divided by 27.
24
Calculate the remainder when 2974958 is divided by 10.
8
Calculate the remainder when 63907190 is divided by 23.
11
Calculate the remainder when 1337637 is divided by 1337606.
31
What is the remainder when 260360 is divided by 808?
184
What is the remainder when 19944 is divided by 5337?
3933
Calculate the remainder when 95076358 is divided by 360.
358
What is the remainder when 446707 is divided by 5019?
16
Calculate the remainder when 314134 is divided by 15706.
14
Calculate the remainder when 668 is divided by 323.
22
Calculate the remainder when 79486 is divided by 1393.
85
Calculate the remainder when 555895 is divided by 183704.
4783
What is the remainder when 4024967 is divided by 170?
47
What is the remainder when 961394 is divided by 381?
131
Calculate the remainder when 85901 is divided by 3.
2
What is the remainder when 207012 is divided by 103422?
168
Calculate the remainder when 322617 is divided by 32.
25
What is the remainder when 3293816 is divided by 329381?
6
Calculate the remainder when 1880558 is divided by 117534.
14
Calculate the remainder when 1116364 is divided by 1956.
1444
Calculate the remainder when 296226 is divided by 962.
892
Calculate the remainder when 527683 is divided by 2377.
2366
What is the remainder when 113688843 is divided by 145?
143
Calculate the remainder when 22356 is divided by 31.
5
Calculate the remainder when 4377358 is divided by 2440.
2438
What is the remainder when 13999 is divided by 9871?
4128
What is the remainder when 337180416 is divided by 5331?
5328
What is the remainder when 40476092 is divided by 40476083?
9
Calculate the remainder when 123239 is divided by 1358.
1019
Calculate the remainder when 9623551 is divided by 3298.
3285
What is the remainder when 3589557 is divided by 76370?
167
What is the remainder when 162195478 is divided by 2148?
2146
Calculate the remainder when 344998 is divided by 7179.
406
Calculate the remainder when 2572607 is divided by 33410.
37
Calculate the remainder when 2794348 is divided by 174.
82
What is the remainder when 208277 is divided by 7781?
5971
What is the remainder when 8767620 is divided by 12543?
63
What is the remainder when 2479458 is divided by 495876?
78
Calculate the remainder when 108784 is divided by 15518.
158
Calculate the remainder when 22689888 is divided by 1260548.
24
What is the remainder when 1447345 is divided by 68917?
88
What is the remainder when 9625271 is divided by 230?
1
Calculate the remainder when 27979831 is divided by 106.
71
What is the remainder when 101578 is divided by 91?
22
Calculate the remainder when 26109143 is divided by 6.
5
Calculate the remainder when 40751745 is divided by 50.
45
Calculate the remainder when 5241255 is divided by 2012.
2007
Calculate the remainder when 187843 is divided by 31256.
307
Calculate the remainder when 96765 is divided by 888.
861
What is the remainder when 218089 is divided by 893?
197
Calculate the remainder when 60788998 is divided by 60788993.
5
Calculate the remainder when 205216 is divided by 13155.
7891
What is the remainder when 1219533 is divided by 324?
321
Calculate the remainder when 1740976 is divided by 580322.
10
What is the remainder when 13794620 is divided by 568?
172
Calculate the remainder when 236934708 is divided by 3564.
3552
What is the remainder when 3424 is divided by 186?
76
What is the remainder when 26998083 is divided by 62?
59
Calculate the remainder when 11516178 is divided by 614.
608
Calculate the remainder when 27515 is divided by 19949.
7566
What is the remainder when 163654478 is divided by 176?
174
Calculate the remainder when 2418750 is divided by 481.
282
Calculate the remainder when 39091 is divided by 9699.
295
Calculate the remainder when 6817253 is divided by 91.
79
Calculate the remainder when 223952 is divided by 74375.
827
What is the remainder when 5747 is divided by 2662?
423
Calculate the remainder when 1734 is divided by 1645.
89
What is the remainder when 787553 is divided by 78754?
13
What is the remainder when 86598 is divided by 28085?
2343
Calculate the remainder when 638742 is divided by 524.
510
What is the remainder when 673857 is divided by 241?
21
What is the remainder when 26516316 is divided by 3242?
3240
Calculate the remainder when 39347400 is divided by 379.
378
Calculate the remainder when 2346027 is divided by 8593.
138
What is the remainder when 6199462 is divided by 53?
52
Calculate the remainder when 763802 is divided by 9265.
4072
Calculate the remainder when 26843974 is divided by 3088.
3078
What is the remainder when 6305072 is divided by 54354?
8
What is the remainder when 82384 is divided by 2283?
196
What is the remainder when 26022353 is divided by 5460?
5453
Calculate the remainder when 124245325 is divided by 716.
709
Calculate the remainder when 2871124 is divided by 34.
28
Calculate the remainder when 1708018 is divided by 854002.
14
Calculate the remainder when 187249 is divided by 304.
289
Calculate the remainder when 6930824 is divided by 352.
296
What is the remainder when 74160427 is divided by 10?
7
Calculate the remainder when 607789 is divided by 2827.
2811
What is the remainder when 69047314 is divided by 7671923?
7
What is the remainder when 2306323 is divided by 115314?
43
Calculate the remainder when 583095 is divided by 145726.
191
What is the remainder when 1212899 is divide